-4*y, 5*g - 6 = 5*y - 3*y. Let d = y + 1. Calculate the remainder when 22 is divided by d.
6
Suppose -4*r = l - 18, 3*l + 5*r - 26 = -0*l. Suppose -f + j = -27, 0*j + j = -l*f + 54. What is the remainder when f is divided by 14?
13
Let h(a) = 8*a + 1. Let c be (1/3)/(2/30). Let u(d) = -8*d - 2. Let l(z) = c*u(z) + 4*h(z). What is the remainder when l(-4) is divided by 9?
8
Let c(r) = 7*r**2 + r - 4. Let p be c(-3). Suppose -3*k - 23 = -p. What is the remainder when k is divided by 6?
5
What is the remainder when (0 + 0 + -1)*-5 is divided by (-1 - -4)/((-3)/(-4))?
1
Calculate the remainder when (-186)/(-3) + 0 + 1 is divided by (-2)/(-3) - (-46)/3.
15
Let t = 11 - 3. Let p(z) = 2*z**2 + 4*z + 1. Let y be p(-3). Suppose -y*b = -3*b + 12, -j - 4*b + 10 = 0. Calculate the remainder when j is divided by t.
6
Let d(v) = -v**2 + 7*v + 2. Let a be d(8). Let t(r) = 3*r**2 - r - 4. Calculate the remainder when t(4) is divided by 21*1*a/(-9).
12
Let f = 49 - 11. Calculate the remainder when f is divided by 30*((-160)/(-168) + (-4)/14).
18
Suppose -2*g = 31 + 31. Let d = 212 + -148. Let a = g + d. What is the remainder when a is divided by 17?
16
Let o(u) be the third derivative of u**6/120 - u**5/15 + u**4/8 + u**3/6 + 4*u**2. What is the remainder when o(4) is divided by 8?
5
What is the remainder when 111/2*(-16)/(-24) is divided by 19?
18
Let u = 2 + 30. Calculate the remainder when ((-427)/28)/((-1)/4) is divided by u.
29
Suppose 5*g - 3*g = 12. Suppose 3*d - 5*o - 7 = 0, -4 - 17 = -4*d - 5*o. Suppose -m + d = -13. What is the remainder when m is divided by g?
5
Calculate the remainder when ((-6)/(-9))/(0 - (-4)/954) is divided by 40.
39
Let r be 25 - (-2 + (8 - 3)). Calculate the remainder when (20 + -1 - -2) + -1 is divided by 3/(1 + (-16)/r).
9
Let m = -2 - -8. Let q be 2/m - (-22)/6. Suppose 2*u - q*u + 4*t = -24, 2 = 2*t. What is the remainder when u is divided by 8?
6
Let f(i) = i**2 + 9*i + 11. Calculate the remainder when 227 is divided by f(-11).
29
Let o(q) = -2*q - 11. Calculate the remainder when 143 is divided by o(-20).
27
Let d(k) = -2*k - 4. Let j be d(-3). Let b(p) = -3*p**2 + p + 8*p**2 - 4*p**2. Calculate the remainder when 22 is divided by b(j).
4
Let v(l) = l - 1. Let s(z) = -10*z. Let r(k) = s(k) - v(k). Let m(i) = -8*i - 2. Calculate the remainder when m(-3) is divided by r(-1).
10
Let n be 2/(4/(-54)*-3). Let v(y) = -n + 3*y + 32 - 4*y. What is the remainder when v(0) is divided by 6?
5
Let y(l) = l**2 + 5*l + 3. Let h be y(-5). Suppose 2*k + 6 = -4*w - 2, -h*w - 8 = 2*k. Suppose 4*s - 12 - 8 = w. What is the remainder when s is divided by 3?
2
Let w = -21 + 30. What is the remainder when 124 is divided by w?
7
What is the remainder when 9 is divided by 9 - -3*(3 - 4)?
3
Let f = -52 - -87. Suppose 3*m = 2*t + f, m = -5*t + 2*t + 19. Calculate the remainder when 49 is divided by m.
10
Let o(y) = 4*y**2 + 2*y - 3. Let j = 5 + -3. Suppose 2*t - 27 = -t. Calculate the remainder when o(j) is divided by t.
8
Let n = 30 - 19. Let k = 4 - n. What is the remainder when 19 is divided by 47/7 - 2/k?
5
Let z = 283 - 131. Suppose -2*h = -d - 70, -h + 5*d = 3*h - z. What is the remainder when 64 is divided by h?
31
Let r be (-2)/1*(-5)/2. Suppose -m = r*k + 42 - 262, k - 3*m = 28. What is the remainder when k is divided by 11?
10
Let c = -1 - -5. Let u = 25 - c. Calculate the remainder when u is divided by 8.
5
Let s(y) = 2*y**2 + y - 3. What is the remainder when s(3) is divided by 7?
4
Let v = -6 - -11. Suppose -7 = v*y - 6*y. Let c = -6 - -9. Calculate the remainder when y is divided by c.
1
Let h(i) = -6 + 10*i + 0 - 11*i**2 - 1 + 3*i**2 + i**3. What is the remainder when h(7) is divided by 4?
2
Let v = 2 - -2. Suppose -x - 12 = -4*x + v*l, -3*l = 4*x - 16. Calculate the remainder when 14 is divided by x.
2
Let w be (2/4)/(1/(-28)). Suppose 0 = 2*b + 2*b - 8. Let a = b - w. What is the remainder when a is divided by 6?
4
Let h(n) = -n**2 + 6*n + 7. Suppose -4*k = -5*l - 115, -3*k - 3*l = -51 - 69. What is the remainder when k is divided by h(5)?
11
Suppose -3*r - t = -20, 0*r - 2*r - 5*t + 9 = 0. Calculate the remainder when 116/10 - (-2)/5 is divided by r.
5
Let o = 56 + -2. Suppose -6*b = -3*b - o. Calculate the remainder when 35 is divided by b.
17
Let v(m) = 7 - 1 - 4*m**2 - 2*m + 5*m**2. What is the remainder when 53 is divided by v(4)?
11
Let k(p) = -p + 20. Let c be (1 - 7)*(-4)/2. What is the remainder when 15 is divided by k(c)?
7
Let z(r) = r**2 + 3*r - 5. What is the remainder when 102 is divided by z(-8)?
32
Let d = 2 + 2. Let z = 8 + -1. Let i = 13 - z. What is the remainder when i is divided by d?
2
Let m = 2 - -1. Calculate the remainder when 28 is divided by 8 + (3/m - -1).
8
Let b(v) be the first derivative of -v**3/3 + 5*v**2/2 - v + 1. Let f be b(3). Suppose f*i = 8 + 32. Calculate the remainder when 15 is divided by i.
7
Suppose 3*v - 42 - 15 = -4*o, 2*o - v = 31. Calculate the remainder when 57 is divided by o.
12
Let c(z) be the third derivative of -7*z**4/24 - 2*z**3/3 + 7*z**2. Suppose 3*n - 96 = -0*n. Calculate the remainder when n is divided by c(-3).
15
Suppose v + v = 16. Calculate the remainder when (244/(-16))/((-2)/v) is divided by 16.
13
Calculate the remainder when (365/10*-4)/(-1 + -1) is divided by 25.
23
Suppose 5*z - 5 = 4*z. What is the remainder when z is divided by 4?
1
Let k(v) = v**2 + 6*v + 11. What is the remainder when k(-10) is divided by -3 + 1 - -16 - -4?
15
Suppose -y + 331 = 4*s, -4*s - 149 = -6*s + 5*y. Calculate the remainder when s is divided by 1 + 2/1 + -1 + 19.
19
Let v be 150/35 + 4/(-14). Suppose v*m = -5*p + 164, -2*p - 3*m = -3*p + 48. What is the remainder when p is divided by 13?
10
Suppose -4*t = -3*n + 49, -5*t - 22 + 2 = 0. Let z(y) = y**3 + 11*y**2 - 6*y - 14. What is the remainder when z(-11) is divided by n?
8
Let d(t) = -t**3 + 14*t**2 - 9*t - 5. Calculate the remainder when d(13) is divided by 16.
15
Let b be (-4)/(-18) + (-22)/18. Calculate the remainder when 22/2*(-1 - -2) is divided by (-4)/(-5)*(b - -6).
3
Let i = 15 + 32. Let w = i + -28. What is the remainder when 36 is divided by w?
17
Suppose 0 = t + 3*b - 27, b - 55 = -3*t + 18. Suppose t = p + p. What is the remainder when p is divided by (-1 - -10) + -1 + -1?
5
Let n(r) = -r**3 - 11*r**2 - 3*r - 4. Let f be n(-10). What is the remainder when 24 is divided by f/(-8) - 2/8?
6
Let u(h) = -h + 2*h**2 - 8*h**3 - 13*h**3 - 2*h**2. Calculate the remainder when u(-1) is divided by (1/2)/(2/32).
6
Let y(l) = -l**3 + l**2 + 9*l + 23. Let v(k) = 2*k + 3. What is the remainder when y(0) is divided by v(5)?
10
Let v = 3 - 5. Let c(p) = -4*p + p + p. What is the remainder when 6 is divided by c(v)?
2
Let m = 6 - -51. What is the remainder when m is divided by 15?
12
Suppose 2*z = -z + 18. Suppose -3*k - 12 = -z*k. Calculate the remainder when 1 - (1 + -12) - 1 is divided by k.
3
Let q = -14 - -42. Calculate the remainder when 15 is divided by (4/6)/(q/378).
6
Suppose -1 = -f + 3. Suppose 3*b + 16 = 4*n, 4*b + f = -0*b + n. What is the remainder when 33 + -2*(1 + b) is divided by 11?
9
Calculate the remainder when 71 is divided by (45/(-27))/(1*2/(-18)).
11
Let l be (-37)/3 - (-2)/6. Let j(y) = -y + 5. What is the remainder when 49 is divided by j(l)?
15
Let w(u) = -u + 1. What is the remainder when 2 is divided by w(0)?
0
Suppose -54 = -4*z + 6. Suppose z + 19 = 2*x. Calculate the remainder when x is divided by 6.
5
Suppose -3 = 2*z + 1, 3*o - 96 = 3*z. Calculate the remainder when 88 is divided by o.
28
Let r = 69 - 43. What is the remainder when 76 is divided by r?
24
Suppose -s + 448 = -5*s. Calculate the remainder when 68 is divided by (-15)/6*s/20.
12
Let q(k) be the second derivative of -k**5/10 + k**3/3 + 3*k**2/2 - 6*k. Calculate the remainder when (-57)/(-2) + 1/2 is divided by q(-2).
14
Suppose -7*v + 2*v - 79 = 2*c, 0 = -3*v + c - 43. Suppose -2*q - 1 = -27. Calculate the remainder when 6/v + 127/5 is divided by q.
12
Let c(y) = -4*y - 8. Calculate the remainder when c(-3) is divided by 3.
1
Suppose i - 20 = -q + 6*i, 3*i - 57 = -4*q. What is the remainder when 27 is divided by q?
12
Let w = -11 - -16. What is the remainder when 13 is divided by w?
3
Suppose 0 = -2*t + 12 + 2. What is the remainder when 